t is the hundreds digit of 1132?
1
What is the tens digit of 25285?
8
What is the tens digit of 5533?
3
What is the thousands digit of 118638?
8
What is the ten thousands digit of 15118?
1
What is the thousands digit of 3435?
3
What is the units digit of 2667?
7
What is the hundreds digit of 2642?
6
What is the units digit of 79083?
3
What is the thousands digit of 20192?
0
What is the hundreds digit of 34788?
7
What is the units digit of 1592?
2
What is the units digit of 592?
2
What is the ten thousands digit of 84502?
8
What is the tens digit of 1510?
1
What is the units digit of 7561?
1
What is the units digit of 63?
3
What is the ten thousands digit of 13701?
1
What is the tens digit of 7052?
5
What is the ten thousands digit of 18698?
1
What is the tens digit of 66?
6
What is the units digit of 433?
3
What is the thousands digit of 7953?
7
What is the hundreds digit of 4359?
3
What is the ten thousands digit of 10741?
1
What is the units digit of 3994?
4
What is the tens digit of 15794?
9
What is the hundreds digit of 2368?
3
What is the tens digit of 7573?
7
What is the units digit of 67935?
5
What is the units digit of 22745?
5
What is the hundreds digit of 129424?
4
What is the units digit of 6368?
8
What is the hundreds digit of 369?
3
What is the units digit of 1141?
1
What is the ten thousands digit of 36846?
3
What is the thousands digit of 5672?
5
What is the units digit of 213?
3
What is the tens digit of 896?
9
What is the hundreds digit of 1169?
1
What is the tens digit of 13929?
2
What is the ten thousands digit of 31296?
3
What is the tens digit of 79771?
7
What is the thousands digit of 31858?
1
What is the thousands digit of 36215?
6
What is the hundreds digit of 136137?
1
What is the thousands digit of 55665?
5
What is the tens digit of 40?
4
What is the tens digit of 1614?
1
What is the tens digit of 3394?
9
What is the tens digit of 2836?
3
What is the hundreds digit of 74495?
4
What is the thousands digit of 3210?
3
What is the hundreds digit of 58600?
6
What is the tens digit of 5836?
3
What is the hundreds digit of 6116?
1
What is the thousands digit of 3898?
3
What is the tens digit of 4404?
0
What is the hundreds digit of 46770?
7
What is the units digit of 25359?
9
What is the tens digit of 37530?
3
What is the tens digit of 56383?
8
What is the thousands digit of 4278?
4
What is the tens digit of 3769?
6
What is the units digit of 1320?
0
What is the units digit of 6032?
2
What is the hundreds digit of 9270?
2
What is the units digit of 6571?
1
What is the tens digit of 153801?
0
What is the thousands digit of 2661?
2
What is the tens digit of 52903?
0
What is the tens digit of 13061?
6
What is the ten thousands digit of 13485?
1
What is the hundred thousands digit of 153455?
1
What is the units digit of 18925?
5
What is the tens digit of 1023?
2
What is the tens digit of 2895?
9
What is the hundreds digit of 1396?
3
What is the ten thousands digit of 128725?
2
What is the units digit of 966?
6
What is the units digit of 792?
2
What is the tens digit of 3914?
1
What is the ten thousands digit of 37561?
3
What is the tens digit of 4361?
6
What is the hundreds digit of 29270?
2
What is the units digit of 1654?
4
What is the tens digit of 53559?
5
What is the tens digit of 987?
8
What is the hundreds digit of 24136?
1
What is the thousands digit of 1768?
1
What is the tens digit of 12271?
7
What is the tens digit of 830?
3
What is the units digit of 59665?
5
What is the hundreds digit of 30365?
3
What is the hundreds digit of 855?
8
What is the hundred thousands digit of 150846?
1
What is the hundreds digit of 769?
7
What is the units digit of 2489?
9
What is the units digit of 1963?
3
What is the hundreds digit of 23907?
9
What is the thousands digit of 3143?
3
What is the thousands digit of 128947?
8
What is the tens digit of 1345?
4
What is the units digit of 970?
0
What is the tens digit of 3824?
2
What is the tens digit of 22952?
5
What is the thousands digit of 3185?
3
What is the hundreds digit of 12018?
0
What is the units digit of 5988?
8
What is the hundreds digit of 3518?
5
What is the hundreds digit of 3028?
0
What is the tens digit of 768?
6
What is the hundreds digit of 106?
1
What is the units digit of 14051?
1
What is the tens digit of 2239?
3
What is the ten thousands digit of 61922?
6
What is the tens digit of 4710?
1
What is the tens digit of 8283?
8
What is the tens digit of 2568?
6
What is the tens digit of 6350?
5
What is the thousands digit of 6035?
6
What is the hundreds digit of 18395?
3
What is the units digit of 7230?
0
What is the units digit of 1993?
3
What is the tens digit of 18286?
8
What is the units digit of 265?
5
What is the tens digit of 788?
8
What is the tens digit of 3023?
2
What is the thousands digit of 5878?
5
What is the ten thousands digit of 21130?
2
What is the units digit of 579?
9
What is the hundreds digit of 29719?
7
What is the tens digit of 108116?
1
What is the units digit of 16?
6
What is the thousands digit of 1361?
1
What is the hundreds digit of 647?
6
What is the hundreds digit of 793?
7
What is the thousands digit of 23055?
3
What is the units digit of 1088?
8
What is the units digit of 8469?
9
What is the thousands digit of 2570?
2
What is the hundreds digit of 7034?
0
What is the hundreds digit of 860?
8
What is the hundreds digit of 53428?
4
What is the units digit of 10372?
2
What is the units digit of 28983?
3
What is the units digit of 26222?
2
What is the tens digit of 33024?
2
What is the tens digit of 879?
7
What is the tens digit of 1845?
4
What is the hundreds digit of 3621?
6
What is the tens digit of 71553?
5
What is the tens digit of 13169?
6
What is the hundreds digit of 16398?
3
What is the ten thousands digit of 17934?
1
What is the hundreds digit of 4225?
2
What is the thousands digit of 1536?
1
What is the hundreds digit of 6459?
4
What is the ten thousands digit of 96154?
9
What is the hundreds digit of 5200?
2
What is the hundreds digit of 14318?
3
What is the thousands digit of 6351?
6
What is the thousands digit of 1897?
1
What is the thousands digit of 108954?
8
What is the units digit of 1166?
6
What is the thousands digit of 7580?
7
What is the ten thousands digit of 21621?
2
What is the units digit of 1680?
0
What is the thousands digit of 2431?
2
What is the thousands digit of 27163?
7
What is the units digit of 352?
2
What is the thousands digit of 7681?
7
What is the hundreds digit of 10892?
8
What is the tens digit of 848?
4
What is the tens digit of 22044?
4
What is the units digit of 9505?
5
What is the hundreds digit of 150041?
0
What is the units digit of 681?
1
What is the thousands digit of 49325?
9
What is the hundreds digit of 1038?
0
What is the tens digit of 8016?
1
What is the hundreds digit of 908?
9
What is the units digit of 4288?
8
What is the tens digit of 56156?
5
What is the tens digit of 1107?
0
What is the tens digit of 14474?
7
What is the units digit of 1068?
8
What is the tens digit of 80707?
0
What is the hundreds digit of 398?
3
What is the hundreds digit of 602?
6
What is the tens digit of 1980?
8
What is the thousands digit of 33692?
3
What is the ten thousands digit of 99844?
9
What is the hundreds digit of 95115?
1
What is the thousands digit of 16666?
6
What is the tens digit of 874?
7
What is the tens digit of 11230?
3
What is the tens digit of 98538?
3
What is the ten thousands digit of 45847?
4
What is the tens digit of 856?
5
What is the hundreds digit of 90290?
2
What is the tens digit of 87465?
6
What is the tens digit of 14394?
9
What is the thousands digit of 4903?
4
What is the units digit of 35519?
9
What is the tens digit of 146621?
2
What is the hundreds digit of 6996?
9
What is the hundreds digit of 18065?
0
What is the hundreds digit of 329?
3
What is the tens digit of 5220?
2
What is the units digit of 1550?
0
What is the thousands digit of 3094?
3
What is the hundreds digit of 60079?
0
What is the hundreds digit of 1391?
3
What is the tens digit of 9827?
2
What is the units digit of 55618?
8
What is the units digit of 129?
9
What is the tens digit of 456?
5
What is the hundreds digit of 2569?
5
What is the units digit of 5097?
7
What is the thousands digit of 1561?
1
What is t